ded by g(n)?
33
Let z(b) = -b**3 - 3*b**2 - 2. Let s be z(-2). Calculate the remainder when 123 is divided by (s/(-8))/3 - 1476/(-48).
30
Suppose 129 = l + 3*l + 5*z, -2*l + 75 = -z. Suppose 3*g - 4*r - 21 = r, -4*g + 4*r + l = 0. Calculate the remainder when 45 is divided by g.
9
Suppose b - 93 = 2*b. Let r = b - -113. Calculate the remainder when 57 is divided by r.
17
Let m(p) be the third derivative of -3*p**4/4 - 27*p**3/2 + 3*p**2. What is the remainder when 32 is divided by m(-5)?
5
Let k = -19 + 25. Let x(r) = 6*r + 2. What is the remainder when x(k) is divided by 13?
12
Suppose 2*n - 1 + 5 = 0, -3*d + 169 = -2*n. Let o = 73 + -53. What is the remainder when d is divided by o?
15
Let c be -693 + 5 - (-2 + 1). Suppose 31 + 14 = 5*b. What is the remainder when c/(-21) + 6*3/63 is divided by b?
6
Let q(w) = w**2 + 2*w + 17. Calculate the remainder when q(5) is divided by 9.
7
Let z = 139 + -72. Let t(q) = q - 9. Let r be t(13). Calculate the remainder when z is divided by 2/r*(-7 - -53).
21
Let b be (-38)/(-9) + (-12)/54. Let k(t) = 4*t**2 - t**2 - 2*t**2 + b*t - 3 + t**2. Calculate the remainder when k(-4) is divided by 7.
6
Suppose 3*z - 4*z + 45 = 4*q, -4*z = -3*q - 104. Calculate the remainder when 94 is divided by z.
7
Suppose -3*d = -6, 3*d + 20 - 6 = -4*f. Calculate the remainder when 95 is divided by (-3)/(((-75)/(-130))/f).
17
Suppose z - 2*z = 5. Let v = -6 - -10. Let y = v - z. What is the remainder when y is divided by 5?
4
Suppose -4*b + p + 0*p = 0, 3*p - 10 = 2*b. Let i(w) = 23*w**3 + w**2 - 3*w + 3. What is the remainder when 118 is divided by i(b)?
22
Let y = 33 - 22. Suppose -y = -s + 3. Calculate the remainder when s is divided by 4.
2
Let q(y) = 6*y - 1. Let l be q(3). Suppose -6*d + 41 = l. Suppose -3*s - 5 = -d*s. Calculate the remainder when 14 is divided by s.
4
Let j(p) = -29*p - 3. Let v = 2106 + -2062. Calculate the remainder when j(-3) is divided by v.
40
Let q = 165 - 149. What is the remainder when 75 is divided by q?
11
Let l(y) = -y**2 - 5*y - 4. Let k(h) = 2*h**2 + 9*h + 7. Let b(v) = 3*k(v) + 5*l(v). Let f be (-4)/(80/15)*4. Calculate the remainder when 7 is divided by b(f).
3
Let z = 145 - 111. What is the remainder when z is divided by 26?
8
Let c(s) = -3*s + 7. Let r be c(8). Let o = r + 17. What is the remainder when 53 is divided by 2/(-1 + o) - -9?
4
Let j be ((-216)/48)/(3/(-34)). Suppose 2*v + 0*v = 66. Let o = j - v. What is the remainder when 34 is divided by o?
16
Let a(q) = -105*q**3 - q**2 - 2*q + 1. Let c(r) = -211*r**3 - 2*r**2 - 3*r + 2. Let i(g) = 5*a(g) - 3*c(g). Calculate the remainder when i(1) is divided by 27.
26
Let y(h) = h**3 - 2*h**2 + h. Let b be y(1). Suppose -14 = -2*f - 0*f. Calculate the remainder when -2 - (b + 1 + -28) is divided by f.
4
Let o = 9 - 6. Suppose 9 = -0*i + o*i. Suppose -l = -5*m - 16, -i*l + 8 = 5*m - 0. What is the remainder when 22 is divided by l?
4
Suppose -3*h = 2*j - 33, h = -4*j + 84 - 33. Suppose 2*s + 5*i - 55 = -3*s, 0 = -4*s + 5*i - 1. What is the remainder when j is divided by s?
0
Let x(o) = o**3 + 8*o**2 + 14*o - 3. Let n be x(-6). Calculate the remainder when (-3)/n + (-1416)/(-20) is divided by 15.
11
Let q(r) = -r**3 - 7*r**2 - 16*r - 3. Let j(a) = a**2 + 7*a + 4. What is the remainder when q(-7) is divided by j(-9)?
21
Let o = 26 - 19. Let y(t) = 3*t + 13. Calculate the remainder when y(o) is divided by 9.
7
Suppose 0*f + 24 = -4*f. Let t(d) = 2*d + 16. Calculate the remainder when 6 is divided by t(f).
2
Let j = 2 + 3. Let p(z) = z**3 - 5*z**2 + z + 4. Let r(n) = -n**3 + 5*n**2 + 6*n + 16. What is the remainder when r(6) is divided by p(j)?
7
Let c = -21 - -23. Suppose c*x - 28 = -2*x. Suppose -4*d = 4*b + b - 68, -32 = -2*b - 4*d. Calculate the remainder when b is divided by x.
5
Let c(m) = m**2 - 3*m + 3. Suppose 4*g = -2*q - 10 + 4, 3*q + 3 = -4*g. Let l be c(q). Suppose -l*v + 16 = v. What is the remainder when v is divided by 3?
1
Let y(j) be the first derivative of -3/2*j**2 - 13/3*j**3 - 2*j - 4 - 1/4*j**4. Calculate the remainder when y(-13) is divided by 13.
11
Let o(z) = -81*z - 98. Calculate the remainder when o(-5) is divided by 74.
11
Suppose -154 = -14*s + 3*s. Calculate the remainder when 47 is divided by s.
5
Suppose 17*w - 20*w - 2*x = -2644, 4*w + 3*x - 3525 = 0. What is the remainder when w is divided by 34?
32
Let u = -67 + 72. Suppose -9 = -4*k + u*k + 5*a, -4*a = -4*k + 84. What is the remainder when 44 is divided by k?
12
Let l(s) = -s. Let q be l(0). Suppose -2*h + 0*h + 4 = q. What is the remainder when 95 is divided by (2/(-3))/(h/(-96))?
31
Let t(i) = 3*i + 3. Calculate the remainder when t(3) is divided by 12 + -4 + -1 + -2.
2
Let m = -695 + 1096. Suppose -5*b = 81 - m. Suppose 0 = 4*r + 4*i - 76, -41 = -r - r - i. What is the remainder when b is divided by r?
20
Calculate the remainder when 28 is divided by 15/(5/1) + 6/2.
4
Suppose 0 = 10*y - 11*y + 20. Calculate the remainder when 259 is divided by y.
19
Let y = 8 - -8. What is the remainder when 34 is divided by y?
2
Let t(q) = q**2 - 2*q + 3. Let n be t(2). Let r be 4/8*2*n. Suppose 64 = r*l - 122. What is the remainder when l is divided by 21?
20
Let n(z) = z - 12. Let p(b) = -3*b + 35. Let s(x) = 8*n(x) + 3*p(x). What is the remainder when 39 is divided by s(-5)?
11
Suppose 11*w + 336 = 39*w. Calculate the remainder when 922 is divided by w.
10
Let a = -19 - -46. Calculate the remainder when 70 is divided by -2*a/12*-4.
16
Let p(g) = -5*g**3 + 9*g**2 + 2*g + 3. Let b(u) = -u**3 + u**2. Let z(q) = 6*b(q) - p(q). Calculate the remainder when 82 is divided by z(-4).
19
Suppose 2*m - 8 = -z + 4*m, 3*m - 33 = -3*z. Calculate the remainder when 4 + (-203)/(-2) + 2/(-4) is divided by 266/z + 6/15.
24
Suppose -198 = -23*o + 5*o. What is the remainder when 30 is divided by o?
8
Calculate the remainder when (-1 + 273/28)/((-1)/(-8)) is divided by 23.
1
Suppose -20 = 87*r - 89*r. Calculate the remainder when 35 is divided by r.
5
Suppose 0 = 5*c - 4*k - 24, -5 - 7 = -4*c + 5*k. Calculate the remainder when 301 is divided by c.
5
Let p be 34/12 + 14/84. Calculate the remainder when (-6)/(-3) + -2 + p is divided by 3.
0
Suppose -66 - 138 = -2*i. Suppose -3*m + 2*d + i = 11, 5*d = -25. What is the remainder when m is divided by 14?
13
Let a = -116 + 118. Let c(n) = 7*n**2 - 2*n - 6. Let w be c(5). Suppose a*t - w = -t. What is the remainder when t is divided by 14?
11
Suppose -6*j = 21 - 123. Calculate the remainder when 99 is divided by j.
14
Calculate the remainder when 0 + (-1 - -1*33) is divided by ((-16)/(-1))/1 - (-144)/(-36).
8
Suppose 5*s = -3*q + 498 + 351, q = 2*s + 294. Calculate the remainder when q is divided by 73.
69
Suppose 19*g - 55*g + 180 = 0. Calculate the remainder when (6/(-5))/(20/(-450)) is divided by g.
2
Let m(r) = -2*r**3 + 26*r**2 - 44*r + 28. What is the remainder when m(11) is divided by 21?
7
Let u(i) = -13*i - 157. Calculate the remainder when 275 is divided by u(-13).
11
Let r = -26 - -26. Suppose i - 5*k - 49 = r, -14 = -3*i + 2*k + 94. Calculate the remainder when 132 is divided by i.
30
Suppose 206*i + 690 = 212*i. What is the remainder when i is divided by 24?
19
Let m = 12 + -10. Let h be ((-8)/10)/(m/(-10)). Suppose -2*v + 6 = h*c, -5*c = 5*v - 0 + 5. What is the remainder when 5 is divided by c?
1
Let m = 1028 - 895. Calculate the remainder when m is divided by 57.
19
Suppose -5*x = -3*l - 737, 7*x + 3*l - 1335 = -2*x. Calculate the remainder when x is divided by 36.
4
Suppose 18*n - 620 - 28 = 0. What is the remainder when n is divided by 1?
0
Calculate the remainder when 143 is divided by 6/48 + 668/32.
17
Let d(a) = a**3 - 8*a**2 + 6*a + 9. Let x be d(7). Let r = 8 - x. Let o(p) = -p + 10. Calculate the remainder when o(-11) is divided by r.
3
Let p = -16 - -40. Suppose -7*d - 115 = -12*d. Let w = d - -48. What is the remainder when w is divided by p?
23
Suppose -2*a + 3*n = 3*a - 599, -359 = -3*a + 2*n. Suppose 4*j + 3*c = -j + 161, j - 4*c - 23 = 0. Calculate the remainder when a is divided by j.
28
Suppose 42*g = 942 + 612. What is the remainder when 80 is divided by g?
6
Let w = 29 - -24. Calculate the remainder when 315 is divided by w.
50
Let m = -394 + 596. Calculate the remainder when m is divided by 23.
18
Let c(